[INFO] cloning repository https://github.com/deaz/blockchain-rs
[INFO] running `Command { std: "git" "-c" "credential.helper=" "-c" "credential.helper=/workspace/cargo-home/bin/git-credential-null" "clone" "--bare" "https://github.com/deaz/blockchain-rs" "/workspace/cache/git-repos/https%3A%2F%2Fgithub.com%2Fdeaz%2Fblockchain-rs", kill_on_drop: false }`
[INFO] [stderr] Cloning into bare repository '/workspace/cache/git-repos/https%3A%2F%2Fgithub.com%2Fdeaz%2Fblockchain-rs'...
[INFO] running `Command { std: "git" "rev-parse" "HEAD", kill_on_drop: false }`
[INFO] [stdout] d5b4690dff2797f2d9d01ae767dc1b70bfa3934b
[INFO] checking deaz/blockchain-rs against try#72f88fc4e9458f89516a0b8b0868f3718aec5b47 for pr-74989
[INFO] running `Command { std: "git" "clone" "/workspace/cache/git-repos/https%3A%2F%2Fgithub.com%2Fdeaz%2Fblockchain-rs" "/workspace/builds/worker-7/source", kill_on_drop: false }`
[INFO] [stderr] Cloning into '/workspace/builds/worker-7/source'...
[INFO] [stderr] done.
[INFO] validating manifest of git repo https://github.com/deaz/blockchain-rs on toolchain 72f88fc4e9458f89516a0b8b0868f3718aec5b47
[INFO] running `Command { std: "/workspace/cargo-home/bin/cargo" "+72f88fc4e9458f89516a0b8b0868f3718aec5b47" "read-manifest" "--manifest-path" "Cargo.toml", kill_on_drop: false }`
[INFO] started tweaking git repo https://github.com/deaz/blockchain-rs
[INFO] finished tweaking git repo https://github.com/deaz/blockchain-rs
[INFO] tweaked toml for git repo https://github.com/deaz/blockchain-rs written to /workspace/builds/worker-7/source/Cargo.toml
[INFO] crate git repo https://github.com/deaz/blockchain-rs already has a lockfile, it will not be regenerated
[INFO] running `Command { std: "/workspace/cargo-home/bin/cargo" "+72f88fc4e9458f89516a0b8b0868f3718aec5b47" "fetch" "--locked" "--manifest-path" "Cargo.toml", kill_on_drop: false }`
[INFO] [stderr]     Blocking waiting for file lock on package cache
[INFO] [stderr]  Downloading crates ...
[INFO] [stderr]   Downloaded state v0.4.0
[INFO] [stderr]   Downloaded proc-macro2 v0.3.3
[INFO] [stderr]   Downloaded ws v0.7.6
[INFO] [stderr]   Downloaded pear_codegen v0.0.14
[INFO] [stderr]   Downloaded rocket v0.3.7
[INFO] [stderr]   Downloaded rocket_codegen v0.3.7
[INFO] [stderr]   Downloaded pear v0.0.14
[INFO] running `Command { std: "docker" "create" "-v" "/var/lib/crater-agent-workspace/builds/worker-7/target:/opt/rustwide/target:rw,Z" "-v" "/var/lib/crater-agent-workspace/builds/worker-7/source:/opt/rustwide/workdir:ro,Z" "-v" "/var/lib/crater-agent-workspace/cargo-home:/opt/rustwide/cargo-home:ro,Z" "-v" "/var/lib/crater-agent-workspace/rustup-home:/opt/rustwide/rustup-home:ro,Z" "-e" "SOURCE_DIR=/opt/rustwide/workdir" "-e" "CARGO_TARGET_DIR=/opt/rustwide/target" "-e" "CARGO_HOME=/opt/rustwide/cargo-home" "-e" "RUSTUP_HOME=/opt/rustwide/rustup-home" "-w" "/opt/rustwide/workdir" "-m" "1610612736" "--user" "0:0" "--network" "none" "rustops/crates-build-env@sha256:d92eaeed33fa75130ca1ee6c8a01d1ffb62bac859dfdfb3450e3e5d1c0146529" "/opt/rustwide/cargo-home/bin/cargo" "+72f88fc4e9458f89516a0b8b0868f3718aec5b47" "metadata" "--no-deps" "--format-version=1", kill_on_drop: false }`
[INFO] [stdout] 543d60c1781f58a52070f70a743b4c67ed2300393882ba2cca242a1deb2eee6d
[INFO] [stderr] WARNING: Your kernel does not support swap limit capabilities or the cgroup is not mounted. Memory limited without swap.
[INFO] running `Command { std: "docker" "start" "-a" "543d60c1781f58a52070f70a743b4c67ed2300393882ba2cca242a1deb2eee6d", kill_on_drop: false }`
[INFO] running `Command { std: "docker" "inspect" "543d60c1781f58a52070f70a743b4c67ed2300393882ba2cca242a1deb2eee6d", kill_on_drop: false }`
[INFO] running `Command { std: "docker" "rm" "-f" "543d60c1781f58a52070f70a743b4c67ed2300393882ba2cca242a1deb2eee6d", kill_on_drop: false }`
[INFO] [stdout] 543d60c1781f58a52070f70a743b4c67ed2300393882ba2cca242a1deb2eee6d
[INFO] running `Command { std: "docker" "create" "-v" "/var/lib/crater-agent-workspace/builds/worker-7/target:/opt/rustwide/target:rw,Z" "-v" "/var/lib/crater-agent-workspace/builds/worker-7/source:/opt/rustwide/workdir:ro,Z" "-v" "/var/lib/crater-agent-workspace/cargo-home:/opt/rustwide/cargo-home:ro,Z" "-v" "/var/lib/crater-agent-workspace/rustup-home:/opt/rustwide/rustup-home:ro,Z" "-e" "SOURCE_DIR=/opt/rustwide/workdir" "-e" "CARGO_TARGET_DIR=/opt/rustwide/target" "-e" "CARGO_INCREMENTAL=0" "-e" "RUST_BACKTRACE=full" "-e" "RUSTFLAGS=--cap-lints=forbid" "-e" "CARGO_HOME=/opt/rustwide/cargo-home" "-e" "RUSTUP_HOME=/opt/rustwide/rustup-home" "-w" "/opt/rustwide/workdir" "-m" "1610612736" "--user" "0:0" "--network" "none" "rustops/crates-build-env@sha256:d92eaeed33fa75130ca1ee6c8a01d1ffb62bac859dfdfb3450e3e5d1c0146529" "/opt/rustwide/cargo-home/bin/cargo" "+72f88fc4e9458f89516a0b8b0868f3718aec5b47" "check" "--frozen" "--all" "--all-targets" "--message-format=json", kill_on_drop: false }`
[INFO] [stdout] a93de9d8b194dd7f4c0f57c3cbd7bb93fadb61fe123e87c30aae7635c27ab395
[INFO] [stderr] WARNING: Your kernel does not support swap limit capabilities or the cgroup is not mounted. Memory limited without swap.
[INFO] running `Command { std: "docker" "start" "-a" "a93de9d8b194dd7f4c0f57c3cbd7bb93fadb61fe123e87c30aae7635c27ab395", kill_on_drop: false }`
[INFO] [stderr]    Compiling cfg-if v0.1.2
[INFO] [stderr]    Compiling libc v0.2.40
[INFO] [stderr]    Compiling nodrop v0.1.12
[INFO] [stderr]    Compiling scopeguard v0.3.3
[INFO] [stderr]    Compiling memoffset v0.2.1
[INFO] [stderr]    Compiling lazy_static v1.0.0
[INFO] [stderr]    Compiling gcc v0.3.54
[INFO] [stderr]    Compiling matches v0.1.6
[INFO] [stderr]    Compiling unicode-normalization v0.1.5
[INFO] [stderr]     Checking byteorder v1.2.2
[INFO] [stderr]     Checking percent-encoding v1.0.1
[INFO] [stderr]    Compiling safemem v0.2.0
[INFO] [stderr]    Compiling unicode-xid v0.1.0
[INFO] [stderr]    Compiling lazy_static v0.2.11
[INFO] [stderr]    Compiling untrusted v0.5.1
[INFO] [stderr]     Checking serde v1.0.37
[INFO] [stderr]    Compiling httparse v1.2.4
[INFO] [stderr]     Checking num-traits v0.2.2
[INFO] [stderr]    Compiling state v0.4.0
[INFO] [stderr]    Compiling smallvec v0.4.4
[INFO] [stderr]    Compiling ordermap v0.2.13
[INFO] [stderr]    Compiling pear v0.0.14
[INFO] [stderr]     Checking yansi v0.4.0
[INFO] [stderr]     Checking log v0.4.1
[INFO] [stderr]    Compiling pear_codegen v0.0.14
[INFO] [stderr]    Compiling rocket v0.3.7
[INFO] [stderr]    Compiling rocket_codegen v0.3.7
[INFO] [stderr]    Compiling crossbeam-utils v0.2.2
[INFO] [stderr]    Compiling arrayvec v0.4.7
[INFO] [stderr]    Compiling unicode-bidi v0.3.4
[INFO] [stderr]    Compiling proc-macro2 v0.3.3
[INFO] [stderr]     Checking base64 v0.6.0
[INFO] [stderr]     Checking time v0.1.39
[INFO] [stderr]     Checking iovec v0.1.2
[INFO] [stderr]     Checking rand v0.4.2
[INFO] [stderr]     Checking num_cpus v1.8.0
[INFO] [stderr]     Checking net2 v0.2.32
[INFO] [stderr]     Checking memchr v1.0.2
[INFO] [stderr]     Checking isatty v0.1.6
[INFO] [stderr]     Checking log v0.3.9
[INFO] [stderr]     Checking num-integer v0.1.36
[INFO] [stderr]     Checking url v1.7.0
[INFO] [stderr]     Checking bytes v0.4.6
[INFO] [stderr]    Compiling crossbeam-epoch v0.3.1
[INFO] [stderr]    Compiling idna v0.1.4
[INFO] [stderr]     Checking mio v0.6.14
[INFO] [stderr]     Checking mime v0.2.6
[INFO] [stderr]    Compiling quote v0.5.1
[INFO] [stdout] error[E0557]: feature has been removed
[INFO] [stdout]  --> /opt/rustwide/cargo-home/registry/src/github.com-1ecc6299db9ec823/pear_codegen-0.0.14/src/lib.rs:1:45
[INFO] [stdout]   |
[INFO] [stdout] 1 | #![feature(plugin_registrar, rustc_private, quote)]
[INFO] [stdout]   |                                             ^^^^^ feature has been removed
[INFO] [stdout] 
[INFO] [stdout] 
[INFO] [stdout] error[E0462]: found staticlib `rustc` instead of rlib or dylib
[INFO] [stdout]  --> /opt/rustwide/cargo-home/registry/src/github.com-1ecc6299db9ec823/pear_codegen-0.0.14/src/lib.rs:3:1
[INFO] [stdout]   |
[INFO] [stdout] 3 | extern crate rustc;
[INFO] [stdout]   | ^^^^^^^^^^^^^^^^^^^
[INFO] [stdout]   |
[INFO] [stdout]   = help: please recompile that crate using --crate-type lib
[INFO] [stdout]   = note: the following crate versions were found:
[INFO] [stdout]           crate `rustc`: /opt/rustwide/rustup-home/toolchains/72f88fc4e9458f89516a0b8b0868f3718aec5b47/lib/rustlib/x86_64-unknown-linux-gnu/lib/librustc-nightly_rt.asan.a
[INFO] [stdout]           crate `rustc`: /opt/rustwide/rustup-home/toolchains/72f88fc4e9458f89516a0b8b0868f3718aec5b47/lib/rustlib/x86_64-unknown-linux-gnu/lib/librustc-nightly_rt.tsan.a
[INFO] [stdout]           crate `rustc`: /opt/rustwide/rustup-home/toolchains/72f88fc4e9458f89516a0b8b0868f3718aec5b47/lib/rustlib/x86_64-unknown-linux-gnu/lib/librustc-nightly_rt.msan.a
[INFO] [stdout]           crate `rustc`: /opt/rustwide/rustup-home/toolchains/72f88fc4e9458f89516a0b8b0868f3718aec5b47/lib/rustlib/x86_64-unknown-linux-gnu/lib/librustc-nightly_rt.lsan.a
[INFO] [stdout] 
[INFO] [stdout] 
[INFO] [stdout] error: aborting due to 2 previous errors
[INFO] [stdout] 
[INFO] [stdout] 
[INFO] [stdout] For more information about this error, try `rustc --explain E0557`.
[INFO] [stdout] 
[INFO] [stderr] error: could not compile `pear_codegen`.
[INFO] [stderr] 
[INFO] [stderr] To learn more, run the command again with --verbose.
[INFO] [stderr] warning: build failed, waiting for other jobs to finish...
[INFO] [stdout] error[E0713]: borrow may still be in use when destructor runs
[INFO] [stdout]    --> /opt/rustwide/cargo-home/registry/src/github.com-1ecc6299db9ec823/url-1.7.0/src/form_urlencoded.rs:261:40
[INFO] [stdout]     |
[INFO] [stdout] 259 | impl<'a> Target for ::UrlQuery<'a> {
[INFO] [stdout]     |      -- lifetime `'a` defined here
[INFO] [stdout] 260 |     fn as_mut_string(&mut self) -> &mut String { &mut self.url.serialization }
[INFO] [stdout] 261 |     fn finish(self) -> &'a mut ::Url { self.url }
[INFO] [stdout]     |                                        ^^^^^^^^ - here, drop of `self` needs exclusive access to `*self.url`, because the type `UrlQuery<'_>` implements the `Drop` trait
[INFO] [stdout]     |                                        |
[INFO] [stdout]     |                                        returning this value requires that `*self.url` is borrowed for `'a`
[INFO] [stdout] 
[INFO] [stdout] 
[INFO] [stdout] error: aborting due to previous error
[INFO] [stdout] 
[INFO] [stdout] 
[INFO] [stdout] For more information about this error, try `rustc --explain E0713`.
[INFO] [stdout] 
[INFO] [stderr] error: build failed
[INFO] running `Command { std: "docker" "inspect" "a93de9d8b194dd7f4c0f57c3cbd7bb93fadb61fe123e87c30aae7635c27ab395", kill_on_drop: false }`
[INFO] running `Command { std: "docker" "rm" "-f" "a93de9d8b194dd7f4c0f57c3cbd7bb93fadb61fe123e87c30aae7635c27ab395", kill_on_drop: false }`
[INFO] [stdout] a93de9d8b194dd7f4c0f57c3cbd7bb93fadb61fe123e87c30aae7635c27ab395
